[INFO] fetching crate nbits_vec 0.1.1...
[INFO] building nbits_vec-0.1.1 against master#881c1ac408d93bb7adaa3a51dabab9266e82eee8 for issue-85264
[INFO] extracting crate nbits_vec 0.1.1 into /workspace/builds/worker-11/source
[INFO] validating manifest of crates.io crate nbits_vec 0.1.1 on toolchain 881c1ac408d93bb7adaa3a51dabab9266e82eee8
[INFO] running `Command { std: "/workspace/cargo-home/bin/cargo" "+881c1ac408d93bb7adaa3a51dabab9266e82eee8" "metadata" "--manifest-path" "Cargo.toml" "--no-deps", kill_on_drop: false }`
[INFO] started tweaking crates.io crate nbits_vec 0.1.1
[INFO] finished tweaking crates.io crate nbits_vec 0.1.1
[INFO] tweaked toml for crates.io crate nbits_vec 0.1.1 written to /workspace/builds/worker-11/source/Cargo.toml
[INFO] running `Command { std: "/workspace/cargo-home/bin/cargo" "+881c1ac408d93bb7adaa3a51dabab9266e82eee8" "generate-lockfile" "--manifest-path" "Cargo.toml" "-Zno-index-update", kill_on_drop: false }`
[INFO] [stderr]     Blocking waiting for file lock on package cache
[INFO] running `Command { std: "/workspace/cargo-home/bin/cargo" "+881c1ac408d93bb7adaa3a51dabab9266e82eee8" "fetch" "--manifest-path" "Cargo.toml", kill_on_drop: false }`
[INFO] [stderr]  Downloading crates ...
[INFO] [stderr]   Downloaded unicode-normalization v0.1.18
[INFO] [stderr]   Downloaded clippy v0.0.33
[INFO] running `Command { std: "docker" "create" "-v" "/var/lib/crater-agent-workspace/builds/worker-11/target:/opt/rustwide/target:rw,Z" "-v" "/var/lib/crater-agent-workspace/builds/worker-11/source:/opt/rustwide/workdir:ro,Z" "-v" "/var/lib/crater-agent-workspace/cargo-home:/opt/rustwide/cargo-home:ro,Z" "-v" "/var/lib/crater-agent-workspace/rustup-home:/opt/rustwide/rustup-home:ro,Z" "-e" "SOURCE_DIR=/opt/rustwide/workdir" "-e" "CARGO_TARGET_DIR=/opt/rustwide/target" "-e" "CARGO_HOME=/opt/rustwide/cargo-home" "-e" "RUSTUP_HOME=/opt/rustwide/rustup-home" "-w" "/opt/rustwide/workdir" "-m" "1610612736" "--user" "0:0" "--network" "none" "ghcr.io/rust-lang/crates-build-env/linux@sha256:20528e8c29e4536546f0102ce88568b16ea7538393a33fcca951030f7af10457" "/opt/rustwide/cargo-home/bin/cargo" "+881c1ac408d93bb7adaa3a51dabab9266e82eee8" "metadata" "--no-deps" "--format-version=1", kill_on_drop: false }`
[INFO] [stdout] 118e0402b04cfdd34b0ca5ffa67dcd16f0791ae12aa1f569062e84650baf0c18
[INFO] [stderr] WARNING: Your kernel does not support swap limit capabilities or the cgroup is not mounted. Memory limited without swap.
[INFO] running `Command { std: "docker" "start" "-a" "118e0402b04cfdd34b0ca5ffa67dcd16f0791ae12aa1f569062e84650baf0c18", kill_on_drop: false }`
[INFO] running `Command { std: "docker" "inspect" "118e0402b04cfdd34b0ca5ffa67dcd16f0791ae12aa1f569062e84650baf0c18", kill_on_drop: false }`
[INFO] running `Command { std: "docker" "rm" "-f" "118e0402b04cfdd34b0ca5ffa67dcd16f0791ae12aa1f569062e84650baf0c18", kill_on_drop: false }`
[INFO] [stdout] 118e0402b04cfdd34b0ca5ffa67dcd16f0791ae12aa1f569062e84650baf0c18
[INFO] running `Command { std: "docker" "create" "-v" "/var/lib/crater-agent-workspace/builds/worker-11/target:/opt/rustwide/target:rw,Z" "-v" "/var/lib/crater-agent-workspace/builds/worker-11/source:/opt/rustwide/workdir:ro,Z" "-v" "/var/lib/crater-agent-workspace/cargo-home:/opt/rustwide/cargo-home:ro,Z" "-v" "/var/lib/crater-agent-workspace/rustup-home:/opt/rustwide/rustup-home:ro,Z" "-e" "SOURCE_DIR=/opt/rustwide/workdir" "-e" "CARGO_TARGET_DIR=/opt/rustwide/target" "-e" "CARGO_INCREMENTAL=0" "-e" "RUST_BACKTRACE=full" "-e" "RUSTFLAGS=--cap-lints=forbid" "-e" "CARGO_HOME=/opt/rustwide/cargo-home" "-e" "RUSTUP_HOME=/opt/rustwide/rustup-home" "-w" "/opt/rustwide/workdir" "-m" "1610612736" "--user" "0:0" "--network" "none" "ghcr.io/rust-lang/crates-build-env/linux@sha256:20528e8c29e4536546f0102ce88568b16ea7538393a33fcca951030f7af10457" "/opt/rustwide/cargo-home/bin/cargo" "+881c1ac408d93bb7adaa3a51dabab9266e82eee8" "build" "--frozen" "--message-format=json", kill_on_drop: false }`
[INFO] [stdout] bb74d6ef24fcc1d3eeacb9e1286d500f0c9c84899541b5594aa3466f8f8e677c
[INFO] [stderr] WARNING: Your kernel does not support swap limit capabilities or the cgroup is not mounted. Memory limited without swap.
[INFO] running `Command { std: "docker" "start" "-a" "bb74d6ef24fcc1d3eeacb9e1286d500f0c9c84899541b5594aa3466f8f8e677c", kill_on_drop: false }`
[INFO] [stderr]     Blocking waiting for file lock on package cache
[INFO] [stderr]    Compiling nbits_vec v0.1.1 (/opt/rustwide/workdir)
[INFO] [stdout] warning: use of deprecated macro `try`: use the `?` operator instead
[INFO] [stdout]     --> src/lib.rs:1243:9
[INFO] [stdout]      |
[INFO] [stdout] 1243 |         try!(write!(f,
[INFO] [stdout]      |         ^^^
[INFO] [stdout]      |
[INFO] [stdout]      = note: `#[warn(deprecated)]` on by default
[INFO] [stdout] 
[INFO] [stdout] 
[INFO] [stdout] warning: use of deprecated macro `try`: use the `?` operator instead
[INFO] [stdout]     --> src/lib.rs:1251:17
[INFO] [stdout]      |
[INFO] [stdout] 1251 |                 try!(write!(f, "{:#x}, ", ptr::read(ptr.offset(i as isize))));
[INFO] [stdout]      |                 ^^^
[INFO] [stdout] 
[INFO] [stdout] 
[INFO] [stdout] error[E0658]: use of unstable library feature 'raw_vec_internals': implementation detail
[INFO] [stdout]   --> src/lib.rs:36:5
[INFO] [stdout]    |
[INFO] [stdout] 36 | use alloc::raw_vec::RawVec;
[INFO] [stdout]    |     ^^^^^^^^^^^^^^^^^^^^^^
[INFO] [stdout]    |
[INFO] [stdout]    = help: add `#![feature(raw_vec_internals)]` to the crate attributes to enable
[INFO] [stdout] 
[INFO] [stdout] 
[INFO] [stdout] error[E0658]: use of unstable library feature 'raw_vec_internals': implementation detail
[INFO] [stdout]    --> src/lib.rs:106:10
[INFO] [stdout]     |
[INFO] [stdout] 106 |     buf: RawVec<Block>,
[INFO] [stdout]     |          ^^^^^^^^^^^^^
[INFO] [stdout]     |
[INFO] [stdout]     = help: add `#![feature(raw_vec_internals)]` to the crate attributes to enable
[INFO] [stdout] 
[INFO] [stdout] 
[INFO] [stdout] error[E0658]: use of unstable library feature 'raw_vec_internals': implementation detail
[INFO] [stdout]    --> src/lib.rs:133:18
[INFO] [stdout]     |
[INFO] [stdout] 133 |             buf: RawVec::new(),
[INFO] [stdout]     |                  ^^^^^^
[INFO] [stdout]     |
[INFO] [stdout]     = help: add `#![feature(raw_vec_internals)]` to the crate attributes to enable
[INFO] [stdout] 
[INFO] [stdout] 
[INFO] [stdout] error[E0658]: use of unstable library feature 'raw_vec_internals': implementation detail
[INFO] [stdout]    --> src/lib.rs:159:18
[INFO] [stdout]     |
[INFO] [stdout] 159 |             buf: RawVec::with_capacity(Self::raw_cap_from(capacity)),
[INFO] [stdout]     |                  ^^^^^^
[INFO] [stdout]     |
[INFO] [stdout]     = help: add `#![feature(raw_vec_internals)]` to the crate attributes to enable
[INFO] [stdout] 
[INFO] [stdout] 
[INFO] [stdout] error[E0658]: use of unstable library feature 'raw_vec_internals': implementation detail
[INFO] [stdout]    --> src/lib.rs:201:18
[INFO] [stdout]     |
[INFO] [stdout] 201 |             buf: RawVec::from_raw_parts(ptr, Self::raw_cap_from(capacity)),
[INFO] [stdout]     |                  ^^^^^^
[INFO] [stdout]     |
[INFO] [stdout]     = help: add `#![feature(raw_vec_internals)]` to the crate attributes to enable
[INFO] [stdout] 
[INFO] [stdout] 
[INFO] [stdout] error[E0658]: use of unstable library feature 'raw_vec_internals': implementation detail
[INFO] [stdout]     --> src/lib.rs:1234:18
[INFO] [stdout]      |
[INFO] [stdout] 1234 |             buf: RawVec::new(),
[INFO] [stdout]      |                  ^^^^^^
[INFO] [stdout]      |
[INFO] [stdout]      = help: add `#![feature(raw_vec_internals)]` to the crate attributes to enable
[INFO] [stdout] 
[INFO] [stdout] 
[INFO] [stdout] error[E0658]: use of unstable library feature 'raw_vec_internals': implementation detail
[INFO] [stdout]    --> src/lib.rs:133:18
[INFO] [stdout]     |
[INFO] [stdout] 133 |             buf: RawVec::new(),
[INFO] [stdout]     |                  ^^^^^^^^^^^
[INFO] [stdout]     |
[INFO] [stdout]     = help: add `#![feature(raw_vec_internals)]` to the crate attributes to enable
[INFO] [stdout] 
[INFO] [stdout] 
[INFO] [stdout] error[E0658]: use of unstable library feature 'raw_vec_internals': implementation detail
[INFO] [stdout]    --> src/lib.rs:159:18
[INFO] [stdout]     |
[INFO] [stdout] 159 |             buf: RawVec::with_capacity(Self::raw_cap_from(capacity)),
[INFO] [stdout]     |                  ^^^^^^^^^^^^^^^^^^^^^
[INFO] [stdout]     |
[INFO] [stdout]     = help: add `#![feature(raw_vec_internals)]` to the crate attributes to enable
[INFO] [stdout] 
[INFO] [stdout] 
[INFO] [stdout] error[E0658]: use of unstable library feature 'raw_vec_internals': implementation detail
[INFO] [stdout]    --> src/lib.rs:201:18
[INFO] [stdout]     |
[INFO] [stdout] 201 |             buf: RawVec::from_raw_parts(ptr, Self::raw_cap_from(capacity)),
[INFO] [stdout]     |                  ^^^^^^^^^^^^^^^^^^^^^^
[INFO] [stdout]     |
[INFO] [stdout]     = help: add `#![feature(raw_vec_internals)]` to the crate attributes to enable
[INFO] [stdout] 
[INFO] [stdout] 
[INFO] [stdout] error[E0599]: no method named `cap` found for struct `RawVec<Block>` in the current scope
[INFO] [stdout]    --> src/lib.rs:221:33
[INFO] [stdout]     |
[INFO] [stdout] 221 |         Self::cap_from(self.buf.cap())
[INFO] [stdout]     |                                 ^^^ private field, not a method
[INFO] [stdout] 
[INFO] [stdout] 
[INFO] [stdout] error[E0658]: use of unstable library feature 'raw_vec_internals': implementation detail
[INFO] [stdout]    --> src/lib.rs:249:18
[INFO] [stdout]     |
[INFO] [stdout] 249 |         self.buf.reserve(used_cap, need_extra_cap);
[INFO] [stdout]     |                  ^^^^^^^
[INFO] [stdout]     |
[INFO] [stdout]     = help: add `#![feature(raw_vec_internals)]` to the crate attributes to enable
[INFO] [stdout] 
[INFO] [stdout] 
[INFO] [stdout] error[E0658]: use of unstable library feature 'raw_vec_internals': implementation detail
[INFO] [stdout]    --> src/lib.rs:280:18
[INFO] [stdout]     |
[INFO] [stdout] 280 |         self.buf.reserve_exact(used_cap, need_extra_cap);
[INFO] [stdout]     |                  ^^^^^^^^^^^^^
[INFO] [stdout]     |
[INFO] [stdout]     = help: add `#![feature(raw_vec_internals)]` to the crate attributes to enable
[INFO] [stdout] 
[INFO] [stdout] 
[INFO] [stdout] error[E0658]: use of unstable library feature 'raw_vec_internals': implementation detail
[INFO] [stdout]    --> src/lib.rs:302:18
[INFO] [stdout]     |
[INFO] [stdout] 302 |         self.buf.shrink_to_fit(fit_len);
[INFO] [stdout]     |                  ^^^^^^^^^^^^^
[INFO] [stdout]     |
[INFO] [stdout]     = help: add `#![feature(raw_vec_internals)]` to the crate attributes to enable
[INFO] [stdout] 
[INFO] [stdout] 
[INFO] [stdout] error[E0658]: use of unstable library feature 'raw_vec_internals': implementation detail
[INFO] [stdout]    --> src/lib.rs:786:32
[INFO] [stdout]     |
[INFO] [stdout] 786 |             let ptr = self.buf.ptr().offset(bi as isize);
[INFO] [stdout]     |                                ^^^
[INFO] [stdout]     |
[INFO] [stdout]     = help: add `#![feature(raw_vec_internals)]` to the crate attributes to enable
[INFO] [stdout] 
[INFO] [stdout] 
[INFO] [stdout] error[E0658]: use of unstable library feature 'raw_vec_internals': implementation detail
[INFO] [stdout]    --> src/lib.rs:795:32
[INFO] [stdout]     |
[INFO] [stdout] 795 |             let ptr = self.buf.ptr().offset(bi as isize);
[INFO] [stdout]     |                                ^^^
[INFO] [stdout]     |
[INFO] [stdout]     = help: add `#![feature(raw_vec_internals)]` to the crate attributes to enable
[INFO] [stdout] 
[INFO] [stdout] 
[INFO] [stdout] error[E0658]: use of unstable library feature 'raw_vec_internals': implementation detail
[INFO] [stdout]    --> src/lib.rs:803:32
[INFO] [stdout]     |
[INFO] [stdout] 803 |             let ptr = self.buf.ptr().offset(bi as isize);
[INFO] [stdout]     |                                ^^^
[INFO] [stdout]     |
[INFO] [stdout]     = help: add `#![feature(raw_vec_internals)]` to the crate attributes to enable
[INFO] [stdout] 
[INFO] [stdout] 
[INFO] [stdout] error[E0658]: use of unstable library feature 'raw_vec_internals': implementation detail
[INFO] [stdout]    --> src/lib.rs:948:28
[INFO] [stdout]     |
[INFO] [stdout] 948 |         let ptr = self.buf.ptr().offset(loc.0 as isize);
[INFO] [stdout]     |                            ^^^
[INFO] [stdout]     |
[INFO] [stdout]     = help: add `#![feature(raw_vec_internals)]` to the crate attributes to enable
[INFO] [stdout] 
[INFO] [stdout] 
[INFO] [stdout] error[E0658]: use of unstable library feature 'raw_vec_internals': implementation detail
[INFO] [stdout]     --> src/lib.rs:1086:18
[INFO] [stdout]      |
[INFO] [stdout] 1086 |         self.buf.ptr()
[INFO] [stdout]      |                  ^^^
[INFO] [stdout]      |
[INFO] [stdout]      = help: add `#![feature(raw_vec_internals)]` to the crate attributes to enable
[INFO] [stdout] 
[INFO] [stdout] 
[INFO] [stdout] error[E0658]: use of unstable library feature 'raw_vec_internals': implementation detail
[INFO] [stdout]     --> src/lib.rs:1092:18
[INFO] [stdout]      |
[INFO] [stdout] 1092 |         self.buf.ptr()
[INFO] [stdout]      |                  ^^^
[INFO] [stdout]      |
[INFO] [stdout]      = help: add `#![feature(raw_vec_internals)]` to the crate attributes to enable
[INFO] [stdout] 
[INFO] [stdout] 
[INFO] [stdout] error[E0658]: use of unstable library feature 'raw_vec_internals': implementation detail
[INFO] [stdout]     --> src/lib.rs:1099:30
[INFO] [stdout]      |
[INFO] [stdout] 1099 |             let p = self.buf.ptr();
[INFO] [stdout]      |                              ^^^
[INFO] [stdout]      |
[INFO] [stdout]      = help: add `#![feature(raw_vec_internals)]` to the crate attributes to enable
[INFO] [stdout] 
[INFO] [stdout] 
[INFO] [stdout] error[E0658]: use of unstable library feature 'raw_vec_internals': implementation detail
[INFO] [stdout]     --> src/lib.rs:1109:30
[INFO] [stdout]      |
[INFO] [stdout] 1109 |             let p = self.buf.ptr();
[INFO] [stdout]      |                              ^^^
[INFO] [stdout]      |
[INFO] [stdout]      = help: add `#![feature(raw_vec_internals)]` to the crate attributes to enable
[INFO] [stdout] 
[INFO] [stdout] 
[INFO] [stdout] error[E0658]: use of unstable library feature 'raw_vec_internals': implementation detail
[INFO] [stdout]     --> src/lib.rs:1122:17
[INFO] [stdout]      |
[INFO] [stdout] 1122 |             buf.into_box()
[INFO] [stdout]      |                 ^^^^^^^^
[INFO] [stdout]      |
[INFO] [stdout]      = help: add `#![feature(raw_vec_internals)]` to the crate attributes to enable
[INFO] [stdout] 
[INFO] [stdout] 
[INFO] [stdout] error[E0061]: this function takes 1 argument but 0 arguments were supplied
[INFO] [stdout]     --> src/lib.rs:1122:17
[INFO] [stdout]      |
[INFO] [stdout] 1122 |             buf.into_box()
[INFO] [stdout]      |                 ^^^^^^^^- supplied 0 arguments
[INFO] [stdout]      |                 |
[INFO] [stdout]      |                 expected 1 argument
[INFO] [stdout]      |
[INFO] [stdout] note: associated function defined here
[INFO] [stdout] 
[INFO] [stdout] 
[INFO] [stdout] error[E0308]: mismatched types
[INFO] [stdout]     --> src/lib.rs:1122:13
[INFO] [stdout]      |
[INFO] [stdout] 111  | impl<N: Unsigned + NonZero, Block: PrimInt> NbitsVec<N, Block> {
[INFO] [stdout]      |                             ----- this type parameter
[INFO] [stdout] ...
[INFO] [stdout] 1117 |     pub fn into_raw_boxed_slice(mut self) -> Box<[Block]> {
[INFO] [stdout]      |                                              ------------ expected `Box<[Block]>` because of return type
[INFO] [stdout] ...
[INFO] [stdout] 1122 |             buf.into_box()
[INFO] [stdout]      |             ^^^^^^^^^^^^^^ expected type parameter `Block`, found union `MaybeUninit`
[INFO] [stdout]      |
[INFO] [stdout]      = note: expected struct `Box<[Block]>`
[INFO] [stdout]                 found struct `Box<[MaybeUninit<Block>]>`
[INFO] [stdout] 
[INFO] [stdout] 
[INFO] [stdout] error[E0599]: no method named `cap` found for struct `RawVec<Block>` in the current scope
[INFO] [stdout]     --> src/lib.rs:1140:18
[INFO] [stdout]      |
[INFO] [stdout] 1140 |         self.buf.cap()
[INFO] [stdout]      |                  ^^^ private field, not a method
[INFO] [stdout] 
[INFO] [stdout] 
[INFO] [stdout] error[E0658]: use of unstable library feature 'raw_vec_internals': implementation detail
[INFO] [stdout]     --> src/lib.rs:1234:18
[INFO] [stdout]      |
[INFO] [stdout] 1234 |             buf: RawVec::new(),
[INFO] [stdout]      |                  ^^^^^^^^^^^
[INFO] [stdout]      |
[INFO] [stdout]      = help: add `#![feature(raw_vec_internals)]` to the crate attributes to enable
[INFO] [stdout] 
[INFO] [stdout] 
[INFO] [stdout] error[E0599]: no method named `cap` found for struct `RawVec<Block>` in the current scope
[INFO] [stdout]     --> src/lib.rs:1247:30
[INFO] [stdout]      |
[INFO] [stdout] 1247 |                     self.buf.cap()));
[INFO] [stdout]      |                              ^^^ private field, not a method
[INFO] [stdout] 
[INFO] [stdout] 
[INFO] [stdout] error[E0658]: use of unstable library feature 'raw_vec_internals': implementation detail
[INFO] [stdout]     --> src/lib.rs:1248:28
[INFO] [stdout]      |
[INFO] [stdout] 1248 |         let ptr = self.buf.ptr();
[INFO] [stdout]      |                            ^^^
[INFO] [stdout]      |
[INFO] [stdout]      = help: add `#![feature(raw_vec_internals)]` to the crate attributes to enable
[INFO] [stdout] 
[INFO] [stdout] 
[INFO] [stdout] error[E0599]: no method named `cap` found for struct `RawVec<Block>` in the current scope
[INFO] [stdout]     --> src/lib.rs:1249:30
[INFO] [stdout]      |
[INFO] [stdout] 1249 |         for i in 0..self.buf.cap() {
[INFO] [stdout]      |                              ^^^ private field, not a method
[INFO] [stdout] 
[INFO] [stdout] 
[INFO] [stdout] error[E0658]: use of unstable library feature 'raw_vec_internals': implementation detail
[INFO] [stdout]     --> src/lib.rs:1282:47
[INFO] [stdout]      |
[INFO] [stdout] 1282 |             ptr::copy_nonoverlapping(self.buf.ptr(), new.buf.ptr(), self.used_raw_cap());
[INFO] [stdout]      |                                               ^^^
[INFO] [stdout]      |
[INFO] [stdout]      = help: add `#![feature(raw_vec_internals)]` to the crate attributes to enable
[INFO] [stdout] 
[INFO] [stdout] 
[INFO] [stdout] error[E0658]: use of unstable library feature 'raw_vec_internals': implementation detail
[INFO] [stdout]     --> src/lib.rs:1282:62
[INFO] [stdout]      |
[INFO] [stdout] 1282 |             ptr::copy_nonoverlapping(self.buf.ptr(), new.buf.ptr(), self.used_raw_cap());
[INFO] [stdout]      |                                                              ^^^
[INFO] [stdout]      |
[INFO] [stdout]      = help: add `#![feature(raw_vec_internals)]` to the crate attributes to enable
[INFO] [stdout] 
[INFO] [stdout] 
[INFO] [stdout] warning: unused import: `BitAnd`
[INFO] [stdout]   --> src/lib.rs:44:16
[INFO] [stdout]    |
[INFO] [stdout] 44 | use std::ops::{BitAnd, BitOr, Shl, Shr};
[INFO] [stdout]    |                ^^^^^^
[INFO] [stdout]    |
[INFO] [stdout]    = note: `#[warn(unused_imports)]` on by default
[INFO] [stdout] 
[INFO] [stdout] 
[INFO] [stdout] warning: unused import: `BitOr`
[INFO] [stdout]   --> src/lib.rs:44:24
[INFO] [stdout]    |
[INFO] [stdout] 44 | use std::ops::{BitAnd, BitOr, Shl, Shr};
[INFO] [stdout]    |                        ^^^^^
[INFO] [stdout] 
[INFO] [stdout] 
[INFO] [stdout] warning: unused import: `Shl`
[INFO] [stdout]   --> src/lib.rs:44:31
[INFO] [stdout]    |
[INFO] [stdout] 44 | use std::ops::{BitAnd, BitOr, Shl, Shr};
[INFO] [stdout]    |                               ^^^
[INFO] [stdout] 
[INFO] [stdout] 
[INFO] [stdout] warning: unused import: `Shr`
[INFO] [stdout]   --> src/lib.rs:44:36
[INFO] [stdout]    |
[INFO] [stdout] 44 | use std::ops::{BitAnd, BitOr, Shl, Shr};
[INFO] [stdout]    |                                    ^^^
[INFO] [stdout] 
[INFO] [stdout] 
[INFO] [stdout] error: aborting due to 31 previous errors; 6 warnings emitted
[INFO] [stdout] 
[INFO] [stdout] 
[INFO] [stdout] Some errors have detailed explanations: E0061, E0308, E0599, E0658.
[INFO] [stdout] 
[INFO] [stdout] For more information about an error, try `rustc --explain E0061`.
[INFO] [stdout] 
[INFO] [stderr] error: could not compile `nbits_vec`
[INFO] [stderr] 
[INFO] [stderr] To learn more, run the command again with --verbose.
[INFO] running `Command { std: "docker" "inspect" "bb74d6ef24fcc1d3eeacb9e1286d500f0c9c84899541b5594aa3466f8f8e677c", kill_on_drop: false }`
[INFO] running `Command { std: "docker" "rm" "-f" "bb74d6ef24fcc1d3eeacb9e1286d500f0c9c84899541b5594aa3466f8f8e677c", kill_on_drop: false }`
[INFO] [stdout] bb74d6ef24fcc1d3eeacb9e1286d500f0c9c84899541b5594aa3466f8f8e677c
